ommon factor of 3969 and 147.
147
Calculate the greatest common factor of 30 and 12270.
30
What is the highest common divisor of 777 and 16428?
111
Calculate the highest common divisor of 63 and 16338.
21
Calculate the greatest common divisor of 72 and 384.
24
Calculate the highest common divisor of 6132 and 3723.
219
Calculate the greatest common divisor of 55 and 20570.
55
What is the highest common divisor of 24 and 8?
8
What is the greatest common divisor of 5 and 67?
1
What is the greatest common divisor of 120 and 340?
20
What is the greatest common divisor of 22 and 935?
11
What is the highest common divisor of 88 and 1474?
22
What is the greatest common divisor of 3 and 15?
3
Calculate the highest common divisor of 2057 and 17.
17
Calculate the highest common factor of 3783 and 507.
39
Calculate the highest common divisor of 1 and 128.
1
Calculate the highest common factor of 352 and 66.
22
What is the greatest common factor of 135 and 333?
9
Calculate the greatest common factor of 64 and 400.
16
What is the greatest common divisor of 930 and 135?
15
Calculate the greatest common divisor of 151 and 3.
1
Calculate the highest common factor of 5 and 20.
5
Calculate the highest common divisor of 2212 and 28.
28
What is the highest common divisor of 959 and 14?
7
What is the highest common divisor of 506 and 184?
46
Calculate the highest common divisor of 12 and 162.
6
Calculate the greatest common factor of 1575 and 1400.
175
Calculate the highest common factor of 8 and 32.
8
Calculate the highest common factor of 24 and 768.
24
Calculate the highest common factor of 2 and 7.
1
What is the greatest common divisor of 74 and 7104?
74
Calculate the highest common factor of 1143 and 18.
9
What is the greatest common factor of 694 and 2?
2
What is the highest common divisor of 310 and 1922?
62
Calculate the highest common factor of 38 and 1273.
19
Calculate the highest common factor of 2581 and 29.
29
What is the highest common divisor of 35 and 1085?
35
What is the highest common divisor of 22 and 22?
22
What is the greatest common divisor of 12 and 1092?
12
What is the greatest common factor of 16830 and 66?
66
Calculate the greatest common factor of 290 and 70.
10
What is the greatest common factor of 72 and 40?
8
Calculate the highest common factor of 39 and 18.
3
Calculate the greatest common factor of 792 and 2552.
88
Calculate the highest common divisor of 1 and 5.
1
Calculate the greatest common factor of 255 and 408.
51
Calculate the greatest common divisor of 12 and 2076.
12
What is the highest common divisor of 837 and 186?
93
Calculate the greatest common factor of 43 and 10793.
43
Calculate the greatest common divisor of 1186 and 2.
2
What is the greatest common divisor of 52 and 2522?
26
What is the highest common divisor of 105 and 1386?
21
Calculate the highest common factor of 28 and 252.
28
Calculate the highest common factor of 6768 and 432.
144
What is the highest common factor of 7044 and 24?
12
Calculate the highest common divisor of 143 and 88.
11
What is the highest common divisor of 1 and 38?
1
What is the greatest common divisor of 860 and 20?
20
What is the greatest common factor of 1448 and 16?
8
Calculate the greatest common divisor of 77 and 98.
7
Calculate the greatest common divisor of 147 and 63.
21
What is the highest common divisor of 660 and 540?
60
What is the greatest common divisor of 2779 and 7?
7
What is the greatest common divisor of 250 and 20?
10
Calculate the greatest common factor of 10 and 352.
2
What is the highest common divisor of 12 and 246?
6
Calculate the highest common divisor of 5067 and 18.
9
Calculate the highest common divisor of 159 and 9.
3
What is the highest common factor of 48 and 10236?
12
Calculate the highest common divisor of 41 and 82.
41
Calculate the highest common factor of 289 and 136.
17
What is the greatest common divisor of 448 and 136?
8
What is the highest common divisor of 48279 and 57?
57
What is the greatest common factor of 63 and 147?
21
Calculate the highest common factor of 9 and 747.
9
What is the highest common factor of 14663 and 11?
11
Calculate the highest common divisor of 287 and 7.
7
Calculate the greatest common factor of 2028 and 24.
12
Calculate the highest common divisor of 6758 and 62.
62
Calculate the highest common factor of 108 and 15282.
54
Calculate the greatest common factor of 11 and 880.
11
What is the highest common factor of 321 and 214?
107
What is the highest common factor of 791 and 452?
113
Calculate the highest common divisor of 385 and 70.
35
What is the greatest common factor of 79 and 632?
79
What is the greatest common factor of 3136 and 256?
64
Calculate the greatest common divisor of 71 and 71.
71
What is the highest common divisor of 164 and 2624?
164
What is the greatest common factor of 8 and 716?
4
Calculate the highest common divisor of 45 and 369.
9
What is the greatest common factor of 14 and 28?
14
What is the highest common factor of 133 and 42?
7
What is the greatest common divisor of 2478 and 2832?
354
Calculate the greatest common divisor of 63 and 144.
9
Calculate the greatest common divisor of 72 and 198.
18
Calculate the greatest common divisor of 190 and 250.
10
Calculate the greatest common divisor of 7 and 304.
1
Calculate the greatest common factor of 49 and 7.
7
Calculate the greatest common factor of 30 and 795.
15
Calculate the highest common divisor of 32 and 144.
16
Calculate the highest common divisor of 834 and 6.
6
What is the greatest common factor of 26 and 56654?
26
Calculate the greatest common divisor of 370 and 74.
74
What is the greatest common divisor of 6 and 312?
6
What is the highest common factor of 645 and 2?
1
What is the highest common divisor of 10431 and 513?
171
Calculate the greatest common factor of 154 and 121.
11
What is the highest common divisor of 512 and 32?
32
What is the greatest common factor of 350 and 3465?
35
Calculate the highest common factor of 1420 and 781.
71
What is the highest common factor of 50 and 450?
50
Calculate the highest common factor of 36 and 1056.
12
What is the highest common divisor of 14 and 20748?
14
Calculate the highest common divisor of 60 and 10.
10
Calculate the highest common divisor of 1980 and 270.
90
Calculate the highest common divisor of 35 and 20.
5
Calculate the greatest common factor of 90 and 855.
45
Calculate the greatest common divisor of 6520 and 200.
40
What is the highest common factor of 211 and 1688?
211
What is the greatest common divisor of 72 and 198?
18
What is the highest common divisor of 8652 and 206?
206
Calculate the greatest common factor of 452 and 678.
226
What is the greatest common factor of 4 and 6?
2
Calculate the greatest common factor of 612 and 36.
36
What is the highest common factor of 161 and 483?
161
What is the highest common divisor of 3619 and 77?
77
What is the highest common divisor of 285 and 330?
15
Calculate the greatest common factor of 49 and 35.
7
Calculate the greatest common factor of 9025 and 25.
25
What is the greatest common factor of 90 and 405?
45
Calculate the highest common factor of 12 and 4480.
4
What is the greatest common factor of 14257 and 371?
53
Calculate the greatest common divisor of 7120 and 140.
20
Calculate the highest common factor of 42 and 483.
21
Calculate the highest common divisor of 45 and 1065.
15
What is the highest common divisor of 780 and 4368?
156
What is the highest common factor of 75 and 200?
25
What is the highest common factor of 614 and 2?
2
What is the highest common divisor of 476 and 8?
4
What is the greatest common divisor of 45 and 435?
15
Calculate the greatest common factor of 6 and 42.
6
Calculate the highest common divisor of 2831 and 19.
19
What is the highest common factor of 600 and 2580?
60
Calculate the greatest common factor of 4218 and 342.
114
Calculate the highest common divisor of 2128 and 665.
133
Calculate the greatest common factor of 555 and 10915.
185
What is the greatest common factor of 73 and 949?
73
Calculate the greatest common divisor of 304 and 19.
19
What is the greatest common factor of 285 and 152?
19
Calculate the highest common factor of 729 and 27.
27
Calculate the greatest common factor of 1100 and 200.
100
Wh